93604 (base 12) to base 9.
-3567564
Convert -93a8d (base 15) to base 13.
-135103
What is 2fcb63 (base 16) in base 3?
12220010122121
Convert 317536 (base 10) to base 13.
b16bb
-897d5 (base 15) to base 2
-1101010101110011110
What is -237463 (base 11) in base 7?
-3123622
What is 211687 (base 10) in base 8?
635347
Convert 33214 (base 8) to base 9.
21135
Convert 766ec (base 16) to base 6.
14221500
Convert 1110011100100100 (base 2) to base 10.
59172
-b0a5b (base 13) to base 12
-132a01
What is 505639 (base 11) in base 8?
3063206
What is -2fbb3 (base 16) in base 9?
-327160
What is -278355 (base 14) in base 7?
-14422635
What is 60526 (base 7) in base 8?
34517
Convert 87a8bc (base 13) to base 4.
30023232110
Convert 1623276 (base 9) to base 4.
3130002123
What is -54646 (base 11) in base 14?
-20c89
Convert -172d5e (base 15) to base 4.
-10102102322
Convert -26780 (base 13) to base 11.
-49873
4013334 (base 5) to base 10
63594
Convert -122020221001 (base 3) to base 16.
-52ecd
-121313130120 (base 4) to base 2
-11001110111011100011000
100344034 (base 6) to base 2
110100001001111010110
Convert 2a7589 (base 11) to base 6.
14131231
What is 1d077 (base 16) in base 3?
20001002211
Convert -7cc4c (base 13) to base 12.
-b01bb
Convert 705650 (base 12) to base 2.
110101011100101011100
Convert 10410102 (base 6) to base 7.
2440466
1070794 (base 11) to base 5
434444443
-10332311240 (base 5) to base 6
-1040201304
Convert 74eac (base 16) to base 9.
808822
Convert -22291 (base 15) to base 16.
-1a82a
-1131223022 (base 4) to base 6
-12120202
Convert 292031 (base 13) to base 3.
1220000022202
Convert 6405310 (base 7) to base 14.
162607
457336 (base 8) to base 10
155358
-332051 (base 7) to base 5
-3331341
What is 58233 (base 10) in base 8?
161571
Convert -950599 (base 11) to base 5.
-342222002
Convert 10011321101 (base 4) to base 8.
4057121
2121033023 (base 4) to base 11
39962a
Convert -31514314 (base 8) to base 6.
-400040352
Convert -549341 (base 13) to base 15.
-294e12
Convert -103151 (base 7) to base 13.
-8207
Convert -192a763 (base 11) to base 10.
-3264528
-25104102 (base 6) to base 14
-16c2d8
What is 8ee75 (base 15) in base 2?
1101111001101010110
-1ac6c4 (base 16) to base 12
-707630
What is -83c803 (base 13) in base 15?
-40da81
10302132132 (base 4) to base 14
2496a2
Convert -747741 (base 10) to base 4.
-2312203131
Convert 4620605 (base 7) to base 3.
1002021212022
What is 645112 (base 8) in base 13?
771b8
Convert -b18492 (base 13) to base 12.
-147286b
67711 (base 10) to base 2
10000100001111111
Convert -10856183 (base 9) to base 12.
-1932aa0
Convert 365001 (base 7) to base 4.
100033233
-11410301 (base 5) to base 11
-73399
What is 32032312013 (base 4) in base 13?
a081b5
What is -13683415 (base 9) in base 12?
-233351b
What is 282a4b2 (base 12) in base 6?
443535142
What is -515132443 (base 6) in base 15?
-bb4043
Convert 6592b8 (base 15) to base 13.
1006235
What is 7284 (base 14) in base 2?
100110100000100
What is -626524 (base 7) in base 16?
-1a5bd
What is -10021120 (base 3) in base 7?
-6654
Convert 670866 (base 10) to base 2.
10100011110010010010
-a81095 (base 11) to base 7
-20461013
What is -3ba64a (base 12) in base 3?
-1212102212011
Convert -103010011221 (base 4) to base 13.
-105c8b8
24102002 (base 6) to base 14
159078
What is -122264 (base 8) in base 14?
-1151a
313111114 (base 5) to base 16
13d930
What is 1011011100001001010 (base 2) in base 8?
1334112
What is -1111105 (base 6) in base 16?
-dab1
Convert -2f72c (base 16) to base 8.
-573454
Convert -252427 (base 8) to base 2.
-10101010100010111
Convert 4c386 (base 15) to base 8.
734131
What is 26b164 (base 16) in base 8?
11530544
What is 234531 (base 8) in base 16?
13959
-34251d (base 14) to base 10
-1773631
What is 6398a00 (base 11) in base 7?
164450516
What is 1010000011101010011 (base 2) in base 5?
41021210
What is -c4749 (base 15) in base 12?
-2603b0
Convert 102222112220 (base 3) to base 6.
5015553
5c543 (base 15) to base 6
10152513
What is 2bd45c (base 15) in base 9?
3881676
-44276 (base 10) to base 2
-1010110011110100
Convert 6b571d (base 14) to base 6.
210313531
Convert 10310213 (base 6) to base 3.
120110220000
Convert -208571 (base 10) to base 6.
-4245335
75898 (base 12) to base 3
21212200222
Convert -540352 (base 6) to base 4.
-22302230
What is -205a5 (base 12) in base 10?
-42317
Convert -2454266 (base 9) to base 2.
-101000101111011101101
Convert 87979 (base 12) to base 4.
223302231
-2440613 (base 9) to base 4
-11003223330
What is -44455643 (base 7) in base 2?
-1110101010111110011001
What is -101020203321 (base 4) in base 16?
-4488f9
Convert 4b5a5 (base 12) to base 10.
102797
-411530011 (base 6) to base 16
-6c26d7
Convert 11102031 (base 5) to base 6.
2025421
100011111211022 (base 3) to base 11
2828271
What is 4c89b (base 14) in base 5?
22011142
Convert -312331003200 (base 4) to base 13.
-2ca509a
10111110010011010 (base 2) to base 5
11104214
Convert 101011111001110100101 (base 2) to base 7.
15141153
What is -7675610 (base 9) in base 10?
-4124448
Convert 11010101001111000101110 (base 2) to base 14.
cdc578
-4e75 (base 16) to base 13
-91b0
Convert 1102311 (base 9) to base 12.
246861
24586 (base 9) to base 15
4d66
58433 (base 10) to base 15
124a8
Convert 15421024 (base 7) to base 4.
11222112103
What is -978c96 (base 14) in base 6?
-302011232
What is -101021110201 (base 3) in base 10?
-202276
-1151185 (base 9) to base 15
-c4e22
What is -5fa871 (base 16) in base 4?
-113322201301
What is -231041403 (base 5) in base 6?
-34054534
Convert -3130223301 (base 4) to base 12.
-377129
What is -34640502 (base 8) in base 12?
-2643196
What is 189c67 (base 15) in base 6?
41400111
4895223 (base 10) to base 13
10251a8
What is 473199 (base 14) in base 3?
11120101122111
143884 (base 11) to base 4
312312130
Convert -283779 (base 12) to base 3.
-1021000211210
What is 5325587 (base 9) in base 12?
b56297
-b9c77 (base 13) to base 5
-41223240
What is -10120001100 (base 3) in base 11?
-48675
Convert 2120343342 (base 5) to base 3.
22101212110212
112033200113 (base 4) to base 13
1291c0a
Convert 2200111220001 (base 3) to base 12.
589b9a
What is -220111101222 (base 3) in base 14?
-c7a05
-11000101000110011 (base 2) to base 14
-28ac3
Convert 10241333411 (base 5) to base 14.
1635679
-3442504 (base 6) to base 10
-176872
Convert -17145 (base 15) to base 5.
-4341130
243543152 (base 7) to base 4
322100120303
What is 7369a2 (base 12) in base 16?
1bb50a
Convert -77ec (base 15) to base 7.
-134055
Convert -177c460 (base 13) to base 6.
-432010041
What is -212211212202100 (base 3) in base 14?
-197c88d
Convert -24acb (base 13) to base 4.
-100202313
844621 (base 10) to base 7
10115311
Convert 100222111212 (base 3) to base 14.
5185d
-1011130213 (base 4) to base 3
-112110012101
153110 (base 6) to base 14
5638
-169743 (base 14) to base 12
-3238bb
Convert -1aa994 (base 15) to base 4.
-10331300203
-13517a (base 12) to base 15
-64bcd
Convert -4613261 (base 8) to base 9.
-2316032
18738 (base 14) to base 3
10010202112
Convert -778ba (base 12) to base 6.
-3221554
-81c628 (base 16) to base 10
-8504872
What is 1331201110 (base 4) in base 9?
863227
Convert 1202012101200 (base 3) to base 2.
11100010110100001010
-11111000001110 (base 2) to base 7
-64213
What is 32a39b (base 13) in base 16?
123686
What is 2331461 (base 8) in base 3?
1012022000100
-1222101202110 (base 3) to base 6
-34305533
What is -1671787 (base 9) in base 12?
-38bb51
14134030 (base 5) to base 9
242417
What is -201102101010000 (base 3) in base 2?
-100111010111110101101111
-143275 (base 10) to base 5
-14041100
-22102100300 (base 4) to base 11
-15817a8
What is 13b065 (base 12) in base 6?
11024205
ca540 (base 13) to base 4
1121100133
What is -1613716 (base 8) in base 10?
-464846
-1688117 (base 9) to base 10
-944152
What is -35643564 (base 7) in base 13?
-870225
What is 1a285 (base 12) in base 6?
453445
Convert -123552 (base 13) to base 7.
-3463620
-1010111001101010100011 (base 2) to base 5
-1212421020
Convert -e4d15 (base 16) to base 15.
-137a77
-2017551 (base 8) to base 3
-1000001012220
Convert -3485454 (base 12) to base 6.
-1001030544
-12565128 (base 9) to base 2
-10111100101110100010110
Convert 17d6f (base 16) to base 4.
113311233
What is -8280351 (base 9) in base 11?
-2550687
Convert -23210220120 (base 4) to ba